 w?
5
Let b = 1437 + -746. What is the tens digit of b?
9
What is the units digit of (1 - 2 - -6) + (-7980)/(-21)?
5
Let d be ((-1 - -3) + 1)*1. Suppose 0 = -5*m - d + 28. Suppose -54 = -m*a + 71. What is the units digit of a?
5
Suppose 0 = 4*d - 5*z - 39, 0 = -d - 2*z - 0*z. Let u be 16/(-24) + (-2)/d. What is the units digit of u/(-2) + (-101)/(-2)?
1
Suppose -1713 = 111*v - 114*v. What is the units digit of v?
1
Let p = -6 - -9. Let l be -1 + 2 + 12/p. Suppose 5 = -l*g + 25. What is the units digit of g?
4
Let v(g) = 3*g. Let z be v(0). What is the hundreds digit of z + 146 - (-10 + 13)?
1
Suppose 0 = -2*i - i + 12. Suppose -5*l = -2*t - 12, 2*l + 10 = 5*t - 2. Suppose 2*k - l - i = 0. What is the units digit of k?
4
Suppose -8*c + 12*c - 356 = 0. Let a = 102 - c. What is the units digit of a?
3
Let u(r) = r**3 + 7*r**2 - 11*r - 7. Suppose 3*m + 19 = 5*h, 2*h = -3*m - 2*h - 28. What is the units digit of u(m)?
7
Suppose -717*o + 4104 = -709*o. What is the tens digit of o?
1
Suppose 0 = 11*l - 21536 + 5564. What is the tens digit of l?
5
Let x(a) = 10*a - 5. Suppose -4*l = -3*l - 4, -4*b = 3*l - 76. What is the units digit of x(b)?
5
Suppose 0*n + 17*n - 14705 = 0. What is the hundreds digit of n?
8
Let v = 718 + -523. What is the units digit of v?
5
Let q(i) = -i**2 + 19*i + 9. Suppose -4*y = -3*y - 14. What is the tens digit of q(y)?
7
Suppose 5*g = -4*i + 3*i + 80, 5*g + 3*i = 80. What is the tens digit of g?
1
Let b(w) = -34*w + 13. What is the units digit of b(-8)?
5
Let p = 88 - 41. Let s = 90 - p. What is the tens digit of s?
4
What is the hundreds digit of (-2)/(-8) - (11 - (-118308)/(-48))?
4
Let g(z) = -2*z**3 - 77*z**2 + 14*z - 17. What is the hundreds digit of g(-39)?
9
What is the tens digit of 1310/14 - 9/(-21)?
9
Let w be (-18)/(-153) - 64/(-34). Suppose 5*v = -w*n + 130, -3*n - 3*v = -6*v - 174. What is the units digit of n?
0
Let x = 1861 - 954. What is the units digit of x?
7
Let h(n) = 3*n + 39. Let i be h(-8). What is the tens digit of 17 - i - (-136 - (-1 - -1))?
3
Suppose -2*b = b - 252. Suppose -b = -25*d + 22*d. What is the tens digit of (-4 - (2 - d))*2?
4
Suppose 2*t = 4*r + 2150, t - 2*r + 4330 = 5*t. What is the units digit of t?
1
Suppose 19775 = 15*g - 15220. What is the thousands digit of g?
2
Suppose 0 = -5*u + 3*j + 2*j + 2645, 2*u - 1058 = 4*j. What is the hundreds digit of u?
5
Suppose 1893 = 2*z - 5*p, -3*p - 285 - 4457 = -5*z. What is the hundreds digit of z?
9
Let u be ((-14)/8)/((-4)/(-80)). What is the tens digit of 4 - (-7)/(u/(-75))?
1
Let t(n) = -n**3 + 8*n**2 + 23*n - 25. Let x be t(10). Suppose x*f - 713 = 707. What is the tens digit of f?
8
Let p(r) = -r - 6. Let b be p(-12). Let a be 38/b - (-3)/(-9). Suppose -4*w - a = -2*f - 0*w, 5*w = 5. What is the units digit of f?
5
Let x be (-2 - -3 - 1 - -112) + 0. Suppose x = -10*d + 11*d. What is the tens digit of d?
1
Suppose 0*g + 3*k = -g - 13, 0 = -4*g + 3*k + 23. Suppose g*a - 4*y - 14 = -2*y, -y = 2*a - 23. What is the tens digit of a?
1
Suppose 5*w - 40 = -5*k + 30, 2*w - 19 = -k. Let h(a) = 3*a**2 - 11*a - 10. Let x be h(k). Suppose 4*g + 26 - x = 0. What is the tens digit of g?
2
Let n = 314 + -113. Let z be (-1 + 29)*(-2)/(-1). Suppose -z = 5*w - n. What is the units digit of w?
9
Suppose -2*c + u = -5, -3*c - 3 = -4*u - 13. Suppose 5*d + 1 = 3*g, 5*d - 1 = c*g - 5. What is the tens digit of -30*(16/(-4) - g)?
3
Let z = 1911 + -889. What is the thousands digit of z?
1
Suppose -17*w = 17*w - 34782. What is the tens digit of w?
2
Let x = -68 + 76. Let o = -22 + 41. Let q = o - x. What is the tens digit of q?
1
Let m(n) = -27*n - 39. Let t be m(-6). Let h = -94 + t. What is the tens digit of h?
2
Let a be (1/1)/((-6)/36). Let x = a + 14. What is the units digit of x?
8
Let u = 41 + -26. Let b(g) = g**3 - 13*g**2 - 26*g - 35. What is the tens digit of b(u)?
2
Let v be 3 - 5 - -1 - 2. Let l be -4 - (v/(-3) + 64). Let u = -9 - l. What is the tens digit of u?
6
Suppose 14*a + 39 = 193. What is the units digit of a?
1
Let l = -15 - -12. What is the tens digit of (2 - l)/(2/14)?
3
Let n be 10*(-1)/2 + 389. Let c = n - 140. What is the units digit of c?
4
Let w(k) = -2*k. Let p be w(3). Let i(x) = -x - 1. Let y(r) = 7. Let f(j) = 4*i(j) + y(j). What is the tens digit of f(p)?
2
Suppose 44*g - 39*g - 1765 = 0. Suppose -20*f = -527 - g. What is the tens digit of f?
4
Suppose 58382 + 159742 = 83*j. What is the tens digit of j?
2
Let c(i) = -4*i**3 + 4*i**2 + 2*i + 2. Let g(k) = k + 4. Let m be g(-6). What is the tens digit of c(m)?
4
Suppose -3*b = 12, 839 = 4*u - 3*u + 3*b. What is the tens digit of u?
5
What is the tens digit of 23344/28 + (-1 - 45/(-35))?
3
Let n = 77 + -45. Suppose 5*j + n - 117 = 0. Let a = j - 16. What is the units digit of a?
1
Suppose -8*q = -10*q. Suppose q = -0*o + 2*o. Suppose 5*k - 257 - 68 = o. What is the tens digit of k?
6
Suppose 3*f - 3*a - 256 - 119 = 0, -3*f = 5*a - 399. Let j = 145 - f. What is the tens digit of j?
1
Let g be (8 + 2)*48/30. Suppose -8 - g = -o. Suppose -o = -x - 3*x. What is the units digit of x?
6
What is the tens digit of -132*((-2442)/24)/11?
2
Suppose -4*w = 4*d - 7 + 23, 5*w = -3*d - 12. Suppose -4 = -2*f - w. Suppose f*k = -k + 57. What is the units digit of k?
9
Let h be 3/2*112/6. Suppose -44 = -5*k + 4*o, 2*o + 2*o - h = -k. Let z(d) = d + 9. What is the tens digit of z(k)?
2
Let r(v) = 3*v**2 + 22*v + 251. What is the units digit of r(-28)?
7
Suppose 5 + 3 = h. Suppose h*j - 4*j - 20 = 2*d, -4 = -2*d. Let g = 12 - j. What is the units digit of g?
6
Suppose 5*c - l = 2*c + 6, -c + 15 = 4*l. Let a(w) = 8*w - 1 - 3*w**2 + 4*w**3 - 5*w**c + 6. What is the units digit of a(-5)?
5
Let b(m) = -m**2 + 9*m - 9. Let s be 1 + -4 + 12 + -3. Let h be b(s). Let v = 5 + h. What is the units digit of v?
4
Let k(c) = -c + 82*c**3 + 5 - 2*c**2 + 33*c**3 - 3. What is the tens digit of k(1)?
1
Suppose 14 = -2*r - 5*y, -r + 0*y - 5 = 2*y. Suppose 5*l - 19 = -b + 149, -r*l + 587 = 4*b. What is the tens digit of b?
4
Let t be 15/2*(-48)/(-60). Suppose t*k = -6*k + 1296. What is the units digit of k?
8
Let j(w) = -2*w + 2 + w**3 + 3*w + w**2 - 2*w + 2*w**2. Let z(p) = -p**3 - 5*p**2 + 2*p + 7. Let a be z(-5). What is the units digit of j(a)?
5
Let d be (18/(-15) + 2)*-10. Let o(v) be the second derivative of -v**5/20 - v**4/2 + 3*v**3/2 + 10*v**2 - 3*v + 9. What is the units digit of o(d)?
6
Let d be ((-2)/(-20)*4)/((-1)/(-20)). Suppose 0 = -4*i - d, -2*i = -6*c + 3*c + 136. What is the units digit of c?
4
Suppose -5*h - u - 37 = 0, -2*h + 4*u = 8 + 20. What is the units digit of 1227/6 - (5 - (-36)/h)?
4
What is the units digit of ((-33033)/52)/((1/4)/(-1))?
1
Let f(i) = -5*i**2 + i - 4. Let a be f(2). Let s = 33 + a. What is the units digit of s?
1
Suppose -44*r + 39*r = -6960. What is the hundreds digit of r?
3
Suppose 0 = -6*u + 7*u. Suppose -4*b + i = -i + 14, -4*i - 4 = u. Let v = b - -30. What is the units digit of v?
6
What is the hundreds digit of ((-4)/(-12))/(6/18) - -396?
3
What is the hundreds digit of (-1)/((10/1555)/(-2))?
3
Suppose 0 = 4*k + 3*h + 8, 8 = -2*k - 2*k + 2*h. What is the units digit of (k + 21/2)/((-2)/(-4))?
7
Let r(v) = -v**2 - 11*v + 457. What is the units digit of r(0)?
7
Suppose -15*k = -137 - 163. What is the units digit of k?
0
Let k(p) = 9*p**2 + p - 1. Let u be k(1). Let q = 12 - -3. Let c = q - u. What is the units digit of c?
6
Suppose 8*h - 3*h - 125 = 0. Let o(v) = 4*v + 33. What is the tens digit of o(h)?
3
Let f(h) = 16*h**2 + 19*h + 12. What is the units digit of f(-6)?
4
Suppose -3*u - 4232 - 990 = -5*k, -k + 1049 = 4*u. What is the units digit of k?
5
Suppose -5*t = 4*m + m - 35, 4*m + 2*t - 20 = 0. Let s = 19 - m. Let z = s + -3. What is the units digit of z?
3
Suppose -3*p + 3947 = 4*b - 4*p, 2*b - 1978 = -4*p. What is the units digit of b?
7
Let d(o) = 3*o - 20. Let x be d(11). Let c(w) = 2*w + 25. What is the units digit of c(x)?
1
Let d(y) = -84*y - 124. What is the hundreds digit of d(-9)?
6
Suppose -4*f = -u + 144, 5*u - 6*f - 312 = 394. What is the hundreds digit of u?
1
Let f be ((-2)/2)/((3/6)/1). Let n = -1 - 2. What is the units digit of f + 3 - 42/n?
5
Suppose d - 5*i = -0*i + 168, -2*d + 3*i = -329. What is the units digit of d?
3
Suppose -5*w = -25, 